g be ((-87)/6)/((-1)/22). Suppose -376 + 975 = 22*i + 357. What is the highest common factor of i and g?
11
Suppose 0*a = -151*a - 14877 + 66368. Calculate the highest common divisor of a and 1012.
11
Suppose 0 = -2*h - 0 - 6, -3*p - 2*h = -174. Suppose -13 + 15 = i. Suppose -28 - 2 = -i*d. Calculate the highest common factor of p and d.
15
Let x(v) = 2*v**2 - 10*v + 152. Let d be x(9). Let r = 37 + -9. Calculate the highest common factor of d and r.
28
Suppose 18*n - 24 = 6*n. Let t = -14 - n. Let s be (t/80 + (-146)/(-30))*36. Calculate the highest common factor of s and 21.
21
Let g = 31 + 149. Let o(q) = -11*q + 2 + 23*q + 5*q. Let m be o(2). What is the greatest common factor of g and m?
36
Suppose -9909*r = -9885*r - 2424. What is the greatest common factor of 19291 and r?
101
Suppose -4*h - 2311 = -5*p, 3*p = 2*h + 1815 - 662. Let n = 1472 + h. Calculate the greatest common divisor of 24 and n.
24
Let o = -6 - -6. Suppose 7*q - 5*q - 88 = o. Let z = -4 - -15. What is the highest common divisor of z and q?
11
Let p be (-75)/(-90)*-1 - (-17789)/6. What is the highest common divisor of p and 156?
156
Let z(a) = -18*a**3 + 5*a**2 + 15*a - 19. Let y be z(-6). Calculate the greatest common factor of 107 and y.
107
Let h be (-28)/3*(-5661)/(-102). Let g = h - -608. What is the greatest common factor of g and 2?
2
Suppose -3*y - 2*b + 304 = -129, -5*y + 700 = -b. Suppose -5*s + 466 = y. Calculate the highest common divisor of s and 130.
65
Let b(u) = -79*u + 20. Let x be b(-1). Let d be -1 + 4 + -5 + 3. Suppose v + d = -0*v + 4*w, 0 = 2*w - 6. Calculate the greatest common factor of v and x.
11
Let c be (-302)/(-1359) - ((-5731)/9 - 1). Suppose 0 = v + 482 - c. What is the greatest common factor of 39 and v?
39
Let c = 2135 - 1455. Suppose -c = 156*q - 160*q. Calculate the highest common divisor of q and 102.
34
Let y(f) = 3*f**2 - 8*f + 4. Let p be y(3). Let z = 258 - 118. Suppose z = 12*q - 8*q. What is the highest common divisor of q and p?
7
Let o = -507 + 789. Let f = 1484 - o. Suppose 7*b - 12 = 4*b, 0 = 5*w - 2*b - f. What is the highest common factor of w and 22?
22
Let h be -10 - (-3 + (-200 - 9) + 2). What is the greatest common divisor of 20 and h?
20
Let d be (-7)/((-2)/(-9) - 66/54). Let o be (-342)/(-456) + (-11)/(-4)*d. What is the highest common factor of o and 180?
20
Let u(m) = 33*m + 216. Let f be u(-5). What is the greatest common factor of f and 544?
17
Suppose -23*r = -28*r + 60. Suppose 2*j + 4*l - r + 242 = 0, 3*j = l - 331. Let u = j + 160. What is the highest common factor of u and 539?
49
Suppose -p + 5 = 5*a - 18, 3 = 5*p - 3*a. Suppose k - p*k + 3*s = -612, 5*k + 4*s = 1484. What is the greatest common divisor of k and 25?
25
Suppose 3*s = 31*g - 32*g + 255, 576 = 2*g - 5*s. Let u(z) = -z**3 - 14*z**2 - 15*z - 5. Let n be u(-13). Calculate the highest common divisor of g and n.
21
Let t be (0 - (-1 - -2)) + 75 + -24. Let i = -21 + 121. Suppose 4*j - 100 = -j - 4*z, 5*j = -3*z + i. What is the highest common factor of j and t?
10
Let b = 58 - 42. Suppose b*q = 17*q - 2. Suppose p + q*p = 285. Calculate the greatest common factor of 19 and p.
19
Suppose -9364*p = -9376*p + 468. What is the highest common divisor of 5161 and p?
13
Let w(y) = y**3 - 118*y**2 + 348*y - 330. Let i be w(115). Calculate the highest common divisor of 295 and i.
5
Let p be (0 - 2/6)/(24596/(-792) + 31). What is the greatest common factor of p and 183?
3
Let s be (1 - 15/9) + 29/((-870)/(-1580)). What is the greatest common divisor of s and 689?
13
Let d(v) = v**3 + 2*v**2 - 3*v. Suppose -10 = 3*p + u, -2*p + 5*u - 10 = 3*p. Let w be d(p). Let l = w - -20. Calculate the highest common divisor of l and 60.
20
Suppose 2*n + 12*w - 9*w - 41 = 0, -5*n + 5*w = -40. Suppose -2821 = 8*p - 15*p. What is the highest common factor of p and n?
13
Suppose 0 = -186*i - 2*i + 124866 + 666614. What is the highest common divisor of i and 10?
10
Let q = 5743 - 5739. Calculate the highest common factor of 79 and q.
1
Suppose 23*t - 35*t + 1409 + 943 = 0. Calculate the greatest common divisor of 4459 and t.
49
Let l be 19/21 + ((-57)/63 + 1)/1. Suppose 4*t + 7 = 11. Calculate the highest common factor of t and l.
1
Let u = 2194 - 2191. Suppose 3*c - 21 = 3*k, 15 = -3*k + 3. Calculate the highest common factor of u and c.
3
Let y = 391 + -694. Let m = 47 - y. Calculate the highest common divisor of 50 and m.
50
Let k(m) = 23*m**2 + 19*m + 70. Let b be k(-3). Calculate the greatest common factor of b and 20.
20
Let q(t) = 1326*t + 9346. Let g be q(-7). Calculate the highest common factor of g and 4104.
8
Suppose 11147 = 3*p - 2*s, -24*p - 7458 = -26*p - 2*s. Calculate the highest common factor of p and 122.
61
Let r be -45*1*(-47 + 49)*10/(-6). Calculate the greatest common factor of r and 10550.
50
Let j = -5893 - -6218. Calculate the greatest common factor of j and 104.
13
Suppose 10*g - 59 = 221 + 350. Let k(z) = -z**3 - 6*z**2 - 3*z. Let f be k(-6). Calculate the greatest common divisor of f and g.
9
Let c be (-2)/(-2)*((-170)/(-20) + -7)*594. What is the greatest common divisor of 759 and c?
33
Suppose -40569*y + 40539*y = -1050. Let f = -26 - -50. Suppose -51 = -5*k + f. Calculate the highest common factor of k and y.
5
Let l be 6/(-12)*14*2/(-14). Let w = -10 - -10. Suppose -y + w = -1. Calculate the greatest common factor of y and l.
1
Let l(r) = -2*r**2 - 7*r - 6. Let k be l(-5). Let f = 68 + k. Suppose 2*h = -3*b + f, 4*h - 4*b = -b + 49. What is the greatest common factor of 144 and h?
16
Let p(j) = -2*j - 42 - 2*j + 43. Let m(h) = -4*h + 2. Let n(k) = 2*m(k) - 3*p(k). Let f be n(3). What is the highest common factor of f and 13?
13
Let w(b) = 57*b - 539. Let f be w(17). Suppose 10*t = 5*t + 50. Calculate the greatest common divisor of t and f.
10
Let b be 4708/2 + (90/75)/(3/(-20)). Calculate the highest common divisor of b and 414.
138
Suppose 0*v = -4*v + 4, -p - 2 = -4*v. Let h be p + (-7)/((-35)/30). Suppose 3*x - h = 2*x. Calculate the highest common divisor of 72 and x.
8
Suppose 4*c = 3*y + 1403, 3*c + y - 635 = 414. What is the highest common factor of c and 518?
14
Let m be ((-374)/(-132)*-14)/(1 + 58/(-57)). Calculate the highest common factor of 595 and m.
119
Let v = 20441 - 20368. What is the highest common factor of 5110 and v?
73
Suppose 0 = -x - 5*a - 85, -x + 2*a + 10 = 81. Let w = 165 + x. Suppose -3*r - 2 = 7, -n = 3*r - 21. What is the highest common divisor of w and n?
30
Let w = 313 + -241. Let r(a) = 26*a**2 + 21*a - 23. Let l be r(1). What is the highest common factor of l and w?
24
Suppose 10327 + 19967 = 16*k - 5994. Calculate the highest common factor of 630 and k.
126
Let z(c) = -c**3 - 11*c**2 - 2*c - 27. Let w be z(-14). Calculate the greatest common factor of w and 76.
19
Suppose 9774 = 448*q - 9938. What is the highest common factor of 5643 and q?
11
Suppose -109337 - 1470703 = 85*t - 250*t. What is the greatest common divisor of 112 and t?
56
Let u(z) = -22*z - 28. Let r be u(7). Let l = r - -188. What is the highest common factor of l and 66?
6
Let j be 1881/21 - (-9)/21. Suppose j = 3*a - a. Suppose -12*s + 24 = -4*s. What is the greatest common divisor of s and a?
3
Suppose -4*o + o = 5*a - 89, -4*a + 25 = o. Suppose 74*b - 3373 = -105 + 802. Calculate the greatest common divisor of o and b.
11
Suppose -46*t = -37*t - 2754. Suppose t*r + 175 = 313*r. Calculate the highest common factor of r and 95.
5
Suppose 4*n + 0*n = 16, -5*l = 3*n - 22. Let z be (7/l)/(2/20). Suppose 2*r - 325 = -63*r. What is the highest common divisor of r and z?
5
Let y = -382 - -383. Let b(r) = 8*r**2 - 7*r + 9. Let i be b(y). Calculate the highest common factor of i and 110.
10
Let g(w) = 4*w**3 - 34*w**2 + 17*w - 1. Let p be g(8). What is the greatest common factor of 301 and p?
7
Let q be -2 - (-1 + (-1 - 3)). Let i be -8 + -2*3/q. Let a = 17 + i. What is the highest common factor of a and 7?
7
Let m(p) = 9*p**2 + 6*p + 12. Let q be m(-4). Let s = q - 121. What is the highest common factor of s and 297?
11
Let n(s) = -s**2 + 18*s - 37. Let f be n(7). What is the highest common factor of 1060 and f?
20
Suppose 0*b - 392 = 4*b. Let v be -1 - 253/(-275) - (-1844)/(-100)*-7. Let h = v + b. Calculate the greatest common divisor of h and 15